the units digit of 72206?
6
What is the ten thousands digit of 1004918?
0
What is the thousands digit of 738945?
8
What is the hundreds digit of 10809404?
4
What is the ten thousands digit of 374841?
7
What is the ten thousands digit of 135160?
3
What is the thousands digit of 2935131?
5
What is the hundred thousands digit of 4612941?
6
What is the hundreds digit of 2521091?
0
What is the thousands digit of 343879?
3
What is the tens digit of 15733683?
8
What is the millions digit of 1533356?
1
What is the units digit of 1040826?
6
What is the hundred thousands digit of 835780?
8
What is the tens digit of 3205572?
7
What is the thousands digit of 16212?
6
What is the hundred thousands digit of 1244661?
2
What is the hundreds digit of 6388319?
3
What is the ten thousands digit of 17042190?
4
What is the thousands digit of 16517245?
7
What is the units digit of 163706?
6
What is the ten thousands digit of 32050?
3
What is the millions digit of 1586942?
1
What is the hundreds digit of 22095025?
0
What is the millions digit of 2832143?
2
What is the hundreds digit of 10646730?
7
What is the hundreds digit of 64609?
6
What is the millions digit of 22157354?
2
What is the units digit of 13393600?
0
What is the millions digit of 19210615?
9
What is the ten millions digit of 12133076?
1
What is the units digit of 204027?
7
What is the millions digit of 1531879?
1
What is the millions digit of 1863705?
1
What is the tens digit of 338383?
8
What is the hundreds digit of 3313404?
4
What is the tens digit of 14794250?
5
What is the tens digit of 237290?
9
What is the thousands digit of 2148520?
8
What is the hundreds digit of 43523?
5
What is the hundreds digit of 42110389?
3
What is the millions digit of 5141501?
5
What is the units digit of 1908848?
8
What is the hundreds digit of 10723034?
0
What is the ten thousands digit of 408078?
0
What is the ten thousands digit of 9723241?
2
What is the ten thousands digit of 127016?
2
What is the tens digit of 475084?
8
What is the thousands digit of 9191?
9
What is the hundred thousands digit of 191827?
1
What is the ten millions digit of 42276027?
4
What is the units digit of 1770560?
0
What is the tens digit of 2290772?
7
What is the units digit of 191290?
0
What is the hundreds digit of 2629861?
8
What is the thousands digit of 15897840?
7
What is the thousands digit of 199320?
9
What is the tens digit of 17358017?
1
What is the hundred thousands digit of 510912?
5
What is the hundred thousands digit of 158845?
1
What is the millions digit of 1498384?
1
What is the hundreds digit of 1047309?
3
What is the hundred thousands digit of 527310?
5
What is the thousands digit of 7269706?
9
What is the tens digit of 325055?
5
What is the ten millions digit of 18021962?
1
What is the thousands digit of 6308087?
8
What is the tens digit of 5971284?
8
What is the tens digit of 88599?
9
What is the ten thousands digit of 114473?
1
What is the ten thousands digit of 273839?
7
What is the units digit of 4982?
2
What is the tens digit of 551866?
6
What is the millions digit of 9142115?
9
What is the units digit of 21005751?
1
What is the hundreds digit of 114328?
3
What is the units digit of 583463?
3
What is the tens digit of 273122?
2
What is the ten thousands digit of 3229866?
2
What is the units digit of 485185?
5
What is the thousands digit of 37724?
7
What is the units digit of 80363?
3
What is the tens digit of 61017?
1
What is the units digit of 360391?
1
What is the millions digit of 1503154?
1
What is the hundreds digit of 177486?
4
What is the units digit of 20803?
3
What is the tens digit of 6076541?
4
What is the hundred thousands digit of 5989492?
9
What is the tens digit of 399819?
1
What is the hundreds digit of 156756?
7
What is the ten thousands digit of 425149?
2
What is the hundreds digit of 3853778?
7
What is the tens digit of 1057151?
5
What is the thousands digit of 14252404?
2
What is the units digit of 1364280?
0
What is the units digit of 13498399?
9
What is the units digit of 852367?
7
What is the hundred thousands digit of 867563?
8
What is the thousands digit of 128806?
8
What is the hundreds digit of 905482?
4
What is the units digit of 4118781?
1
What is the hundreds digit of 90433?
4
What is the ten millions digit of 10838637?
1
What is the thousands digit of 18986580?
6
What is the thousands digit of 1255834?
5
What is the hundreds digit of 13585184?
1
What is the ten thousands digit of 250971?
5
What is the hundred thousands digit of 521641?
5
What is the units digit of 19189278?
8
What is the hundred thousands digit of 623604?
6
What is the units digit of 492161?
1
What is the hundreds digit of 1127869?
8
What is the hundred thousands digit of 3717444?
7
What is the thousands digit of 917485?
7
What is the thousands digit of 39692403?
2
What is the hundreds digit of 3314480?
4
What is the units digit of 180928?
8
What is the millions digit of 3452537?
3
What is the hundreds digit of 7922626?
6
What is the tens digit of 287451?
5
What is the thousands digit of 24695487?
5
What is the units digit of 459355?
5
What is the tens digit of 101399?
9
What is the hundred thousands digit of 26446746?
4
What is the thousands digit of 297389?
7
What is the hundred thousands digit of 235477?
2
What is the thousands digit of 1409641?
9
What is the hundreds digit of 1425473?
4
What is the tens digit of 6667186?
8
What is the ten thousands digit of 2353298?
5
What is the hundreds digit of 496005?
0
What is the tens digit of 642076?
7
What is the thousands digit of 1051705?
1
What is the millions digit of 4437666?
4
What is the millions digit of 1750011?
1
What is the millions digit of 1001603?
1
What is the tens digit of 35960187?
8
What is the hundreds digit of 638031?
0
What is the units digit of 16724318?
8
What is the ten thousands digit of 2971769?
7
What is the hundred thousands digit of 6744203?
7
What is the ten thousands digit of 794116?
9
What is the units digit of 720162?
2
What is the millions digit of 11526825?
1
What is the ten thousands digit of 1087562?
8
What is the hundreds digit of 6755413?
4
What is the millions digit of 3985238?
3
What is the ten thousands digit of 549144?
4
What is the ten millions digit of 16267432?
1
What is the units digit of 14222655?
5
What is the tens digit of 271645?
4
What is the tens digit of 297019?
1
What is the tens digit of 318017?
1
What is the millions digit of 2195934?
2
What is the hundred thousands digit of 333962?
3
What is the thousands digit of 11842084?
2
What is the hundred thousands digit of 408617?
4
What is the ten thousands digit of 1566144?
6
What is the units digit of 7723881?
1
What is the hundred thousands digit of 14646416?
6
What is the thousands digit of 117840?
7
What is the hundreds digit of 366670?
6
What is the ten thousands digit of 12172785?
7
What is the thousands digit of 32436964?
6
What is the thousands digit of 975713?
5
What is the hundreds digit of 12048915?
9
What is the ten thousands digit of 197518?
9
What is the ten thousands digit of 5732598?
3
What is the hundreds digit of 2836847?
8
What is the units digit of 1539275?
5
What is the millions digit of 4050429?
4
What is the units digit of 261983?
3
What is the units digit of 585361?
1
What is the ten thousands digit of 576906?
7
What is the hundred thousands digit of 3926278?
9
What is the units digit of 12245280?
0
What is the hundred thousands digit of 9145318?
1
What is the hundred thousands digit of 15957340?
9
What is the tens digit of 4923441?
4
What is the thousands digit of 621387?
1
What is the tens digit of 980664?
6
What is the hundred thousands digit of 16027641?
0
What is the units digit of 3295128?
8
What is the ten thousands digit of 1323526?
2
What is the units digit of 1069693?
3
What is the units digit of 376195?
5
What is the hundred thousands digit of 1522353?
5
What is the units digit of 65345?
5
What is the hundred thousands digit of 4498111?
4
What is the units digit of 203077?
7
What is the tens digit of 6771890?
9
What is the thousands digit of 4654654?
4
What is the hundreds digit of 242706?
7
What is the units digit of 454026?
6
What is the hundred thousands digit of 849869?
8
What is the hundred thousands digit of 582228?
5
What is 